{"id":603,"date":"2023-10-17T22:20:18","date_gmt":"2023-10-18T02:20:18","guid":{"rendered":"http:\/\/rugbybraves.ca\/?page_id=603"},"modified":"2023-11-04T14:55:42","modified_gmt":"2023-11-04T18:55:42","slug":"album-equipe-feminine","status":"publish","type":"page","link":"http:\/\/rugbybraves.ca\/index.php\/media\/album-equipe-feminine\/","title":{"rendered":"\u00c9quipe f\u00e9minine"},"content":{"rendered":"\t\t<div data-elementor-type=\"wp-page\" data-elementor-id=\"603\" class=\"elementor elementor-603\">\n\t\t\t\t<div class=\"elementor-element elementor-element-4d909f2b e-flex e-con-boxed e-con e-parent\" data-id=\"4d909f2b\" data-element_type=\"container\" data-settings=\"{&quot;content_width&quot;:&quot;boxed&quot;}\" data-core-v316-plus=\"true\">\n\t\t\t\t\t<div class=\"e-con-inner\">\n\t\t\t\t<div class=\"elementor-element elementor-element-1032843b elementor-widget elementor-widget-heading\" data-id=\"1032843b\" data-element_type=\"widget\" data-widget_type=\"heading.default\">\n\t\t\t\t<div class=\"elementor-widget-container\">\n\t\t\t<style>\/*! elementor - v3.19.0 - 07-02-2024 *\/\n.elementor-heading-title{padding:0;margin:0;line-height:1}.elementor-widget-heading .elementor-heading-title[class*=elementor-size-]>a{color:inherit;font-size:inherit;line-height:inherit}.elementor-widget-heading .elementor-heading-title.elementor-size-small{font-size:15px}.elementor-widget-heading .elementor-heading-title.elementor-size-medium{font-size:19px}.elementor-widget-heading .elementor-heading-title.elementor-size-large{font-size:29px}.elementor-widget-heading .elementor-heading-title.elementor-size-xl{font-size:39px}.elementor-widget-heading .elementor-heading-title.elementor-size-xxl{font-size:59px}<\/style><h2 class=\"elementor-heading-title elementor-size-default\">Album photos<\/h2>\t\t<\/div>\n\t\t\t\t<\/div>\n\t\t\t\t<div class=\"elementor-element elementor-element-5fa0843 elementor-widget elementor-widget-image-gallery\" data-id=\"5fa0843\" data-element_type=\"widget\" data-widget_type=\"image-gallery.default\">\n\t\t\t\t<div class=\"elementor-widget-container\">\n\t\t\t<style>\/*! elementor - v3.19.0 - 07-02-2024 *\/\n.elementor-image-gallery .gallery-item{display:inline-block;text-align:center;vertical-align:top;width:100%;max-width:100%;margin:0 auto}.elementor-image-gallery .gallery-item img{margin:0 auto}.elementor-image-gallery .gallery-item .gallery-caption{margin:0}.elementor-image-gallery figure img{display:block}.elementor-image-gallery figure figcaption{width:100%}.gallery-spacing-custom .elementor-image-gallery .gallery-icon{padding:0}@media (min-width:768px){.elementor-image-gallery .gallery-columns-2 .gallery-item{max-width:50%}.elementor-image-gallery .gallery-columns-3 .gallery-item{max-width:33.33%}.elementor-image-gallery .gallery-columns-4 .gallery-item{max-width:25%}.elementor-image-gallery .gallery-columns-5 .gallery-item{max-width:20%}.elementor-image-gallery .gallery-columns-6 .gallery-item{max-width:16.666%}.elementor-image-gallery .gallery-columns-7 .gallery-item{max-width:14.28%}.elementor-image-gallery .gallery-columns-8 .gallery-item{max-width:12.5%}.elementor-image-gallery .gallery-columns-9 .gallery-item{max-width:11.11%}.elementor-image-gallery .gallery-columns-10 .gallery-item{max-width:10%}}@media (min-width:480px) and (max-width:767px){.elementor-image-gallery .gallery.gallery-columns-2 .gallery-item,.elementor-image-gallery .gallery.gallery-columns-3 .gallery-item,.elementor-image-gallery .gallery.gallery-columns-4 .gallery-item,.elementor-image-gallery .gallery.gallery-columns-5 .gallery-item,.elementor-image-gallery .gallery.gallery-columns-6 .gallery-item,.elementor-image-gallery .gallery.gallery-columns-7 .gallery-item,.elementor-image-gallery .gallery.gallery-columns-8 .gallery-item,.elementor-image-gallery .gallery.gallery-columns-9 .gallery-item,.elementor-image-gallery .gallery.gallery-columns-10 .gallery-item{max-width:50%}}@media (max-width:479px){.elementor-image-gallery .gallery.gallery-columns-2 .gallery-item,.elementor-image-gallery .gallery.gallery-columns-3 .gallery-item,.elementor-image-gallery .gallery.gallery-columns-4 .gallery-item,.elementor-image-gallery .gallery.gallery-columns-5 .gallery-item,.elementor-image-gallery .gallery.gallery-columns-6 .gallery-item,.elementor-image-gallery .gallery.gallery-columns-7 .gallery-item,.elementor-image-gallery .gallery.gallery-columns-8 .gallery-item,.elementor-image-gallery .gallery.gallery-columns-9 .gallery-item,.elementor-image-gallery .gallery.gallery-columns-10 .gallery-item{max-width:100%}}<\/style>\t\t<div class=\"elementor-image-gallery\">\n\t\t\t\n\t\t<style type=\"text\/css\">\n\t\t\t#gallery-1 {\n\t\t\t\tmargin: auto;\n\t\t\t}\n\t\t\t#gallery-1 .gallery-item {\n\t\t\t\tfloat: left;\n\t\t\t\tmargin-top: 10px;\n\t\t\t\ttext-align: center;\n\t\t\t\twidth: 25%;\n\t\t\t}\n\t\t\t#gallery-1 img {\n\t\t\t\tborder: 2px solid #cfcfcf;\n\t\t\t}\n\t\t\t#gallery-1 .gallery-caption {\n\t\t\t\tmargin-left: 0;\n\t\t\t}\n\t\t\t\/* see gallery_shortcode() in wp-includes\/media.php *\/\n\t\t<\/style>\n\t\t<div id='gallery-1' class='gallery galleryid-603 gallery-columns-4 gallery-size-homepage-thumb'><dl class='gallery-item'>\n\t\t\t<dt class='gallery-icon landscape'>\n\t\t\t\t<a data-elementor-open-lightbox=\"yes\" data-elementor-lightbox-slideshow=\"5fa0843\" data-elementor-lightbox-description=\"220813\u00e9quipe finale (1)\" data-e-action-hash=\"#elementor-action%3Aaction%3Dlightbox%26settings%3DeyJpZCI6MTI2MSwidXJsIjoiaHR0cDpcL1wvcnVnYnlicmF2ZXMuY2FcL3dwLWNvbnRlbnRcL3VwbG9hZHNcLzIwMjNcLzEwXC8yMjA4MTNlcXVpcGUtZmluYWxlLTEuanBnIiwic2xpZGVzaG93IjoiNWZhMDg0MyJ9\" href='http:\/\/rugbybraves.ca\/wp-content\/uploads\/2023\/10\/220813equipe-finale-1.jpg'><img width=\"240\" height=\"145\" src=\"http:\/\/rugbybraves.ca\/wp-content\/uploads\/2023\/10\/220813equipe-finale-1-240x145.jpg\" class=\"attachment-homepage-thumb size-homepage-thumb\" alt=\"\" decoding=\"async\" \/><\/a>\n\t\t\t<\/dt><\/dl><dl class='gallery-item'>\n\t\t\t<dt class='gallery-icon landscape'>\n\t\t\t\t<a data-elementor-open-lightbox=\"yes\" data-elementor-lightbox-slideshow=\"5fa0843\" data-elementor-lightbox-description=\"Braves \u00e9quipe fille\" data-e-action-hash=\"#elementor-action%3Aaction%3Dlightbox%26settings%3DeyJpZCI6NTY1LCJ1cmwiOiJodHRwOlwvXC9ydWdieWJyYXZlcy5jYVwvd3AtY29udGVudFwvdXBsb2Fkc1wvMjAyM1wvMTBcL0JyYXZlcy1lcXVpcGUtZmlsbGUtMS5qcGciLCJzbGlkZXNob3ciOiI1ZmEwODQzIn0%3D\" href='http:\/\/rugbybraves.ca\/wp-content\/uploads\/2023\/10\/Braves-equipe-fille-1.jpg'><img width=\"240\" height=\"145\" src=\"http:\/\/rugbybraves.ca\/wp-content\/uploads\/2023\/10\/Braves-equipe-fille-1-240x145.jpg\" class=\"attachment-homepage-thumb size-homepage-thumb\" alt=\"\" decoding=\"async\" \/><\/a>\n\t\t\t<\/dt><\/dl><dl class='gallery-item'>\n\t\t\t<dt class='gallery-icon landscape'>\n\t\t\t\t<a data-elementor-open-lightbox=\"yes\" data-elementor-lightbox-slideshow=\"5fa0843\" data-elementor-lightbox-description=\"photo-76\" data-e-action-hash=\"#elementor-action%3Aaction%3Dlightbox%26settings%3DeyJpZCI6MTQxNSwidXJsIjoiaHR0cDpcL1wvcnVnYnlicmF2ZXMuY2FcL3dwLWNvbnRlbnRcL3VwbG9hZHNcLzIwMjNcLzExXC9waG90by03Ni1zY2FsZWQuanBnIiwic2xpZGVzaG93IjoiNWZhMDg0MyJ9\" href='http:\/\/rugbybraves.ca\/wp-content\/uploads\/2023\/11\/photo-76-scaled.jpg'><img width=\"240\" height=\"145\" src=\"http:\/\/rugbybraves.ca\/wp-content\/uploads\/2023\/11\/photo-76-240x145.jpg\" class=\"attachment-homepage-thumb size-homepage-thumb\" alt=\"\u00c9quipe f\u00e9minine lancer-3\" decoding=\"async\" \/><\/a>\n\t\t\t<\/dt><\/dl><dl class='gallery-item'>\n\t\t\t<dt class='gallery-icon landscape'>\n\t\t\t\t<a data-elementor-open-lightbox=\"yes\" data-elementor-lightbox-slideshow=\"5fa0843\" data-elementor-lightbox-description=\"photo-59\" data-e-action-hash=\"#elementor-action%3Aaction%3Dlightbox%26settings%3DeyJpZCI6MTQxNiwidXJsIjoiaHR0cDpcL1wvcnVnYnlicmF2ZXMuY2FcL3dwLWNvbnRlbnRcL3VwbG9hZHNcLzIwMjNcLzExXC9waG90by01OS1zY2FsZWQuanBnIiwic2xpZGVzaG93IjoiNWZhMDg0MyJ9\" href='http:\/\/rugbybraves.ca\/wp-content\/uploads\/2023\/11\/photo-59-scaled.jpg'><img loading=\"lazy\" width=\"240\" height=\"145\" src=\"http:\/\/rugbybraves.ca\/wp-content\/uploads\/2023\/11\/photo-59-240x145.jpg\" class=\"attachment-homepage-thumb size-homepage-thumb\" alt=\"\u00c9quipe f\u00e9minine m\u00e9l\u00e9e-3\" decoding=\"async\" \/><\/a>\n\t\t\t<\/dt><\/dl><br style=\"clear: both\" \/><dl class='gallery-item'>\n\t\t\t<dt class='gallery-icon landscape'>\n\t\t\t\t<a data-elementor-open-lightbox=\"yes\" data-elementor-lightbox-slideshow=\"5fa0843\" data-elementor-lightbox-description=\"Sophie Martel\" data-e-action-hash=\"#elementor-action%3Aaction%3Dlightbox%26settings%3DeyJpZCI6MTM2MywidXJsIjoiaHR0cDpcL1wvcnVnYnlicmF2ZXMuY2FcL3dwLWNvbnRlbnRcL3VwbG9hZHNcLzIwMjNcLzExXC9Tb3BoaWUtTWFydGVsLXNjYWxlZC5qcGciLCJzbGlkZXNob3ciOiI1ZmEwODQzIn0%3D\" href='http:\/\/rugbybraves.ca\/wp-content\/uploads\/2023\/11\/Sophie-Martel-scaled.jpg'><img loading=\"lazy\" width=\"240\" height=\"145\" src=\"http:\/\/rugbybraves.ca\/wp-content\/uploads\/2023\/11\/Sophie-Martel-240x145.jpg\" class=\"attachment-homepage-thumb size-homepage-thumb\" alt=\"\" decoding=\"async\" \/><\/a>\n\t\t\t<\/dt><\/dl><dl class='gallery-item'>\n\t\t\t<dt class='gallery-icon landscape'>\n\t\t\t\t<a data-elementor-open-lightbox=\"yes\" data-elementor-lightbox-slideshow=\"5fa0843\" data-elementor-lightbox-description=\"Lydia P\u00e9pin\" data-e-action-hash=\"#elementor-action%3Aaction%3Dlightbox%26settings%3DeyJpZCI6MTM0OCwidXJsIjoiaHR0cDpcL1wvcnVnYnlicmF2ZXMuY2FcL3dwLWNvbnRlbnRcL3VwbG9hZHNcLzIwMjNcLzExXC9MeWRpYS1QZXBpbi1zY2FsZWQuanBnIiwic2xpZGVzaG93IjoiNWZhMDg0MyJ9\" href='http:\/\/rugbybraves.ca\/wp-content\/uploads\/2023\/11\/Lydia-Pepin-scaled.jpg'><img loading=\"lazy\" width=\"240\" height=\"145\" src=\"http:\/\/rugbybraves.ca\/wp-content\/uploads\/2023\/11\/Lydia-Pepin-240x145.jpg\" class=\"attachment-homepage-thumb size-homepage-thumb\" alt=\"\" decoding=\"async\" \/><\/a>\n\t\t\t<\/dt><\/dl><dl class='gallery-item'>\n\t\t\t<dt class='gallery-icon landscape'>\n\t\t\t\t<a data-elementor-open-lightbox=\"yes\" data-elementor-lightbox-slideshow=\"5fa0843\" data-elementor-lightbox-description=\"photo-63\" data-e-action-hash=\"#elementor-action%3Aaction%3Dlightbox%26settings%3DeyJpZCI6MTQyOCwidXJsIjoiaHR0cDpcL1wvcnVnYnlicmF2ZXMuY2FcL3dwLWNvbnRlbnRcL3VwbG9hZHNcLzIwMjNcLzExXC9waG90by02My1zY2FsZWQuanBnIiwic2xpZGVzaG93IjoiNWZhMDg0MyJ9\" href='http:\/\/rugbybraves.ca\/wp-content\/uploads\/2023\/11\/photo-63-scaled.jpg'><img loading=\"lazy\" width=\"240\" height=\"145\" src=\"http:\/\/rugbybraves.ca\/wp-content\/uploads\/2023\/11\/photo-63-240x145.jpg\" class=\"attachment-homepage-thumb size-homepage-thumb\" alt=\"\u00c9quipe f\u00e9minine dos maillot\" decoding=\"async\" \/><\/a>\n\t\t\t<\/dt><\/dl><dl class='gallery-item'>\n\t\t\t<dt class='gallery-icon portrait'>\n\t\t\t\t<a data-elementor-open-lightbox=\"yes\" data-elementor-lightbox-slideshow=\"5fa0843\" data-elementor-lightbox-description=\"photo-66\" data-e-action-hash=\"#elementor-action%3Aaction%3Dlightbox%26settings%3DeyJpZCI6MTQyOSwidXJsIjoiaHR0cDpcL1wvcnVnYnlicmF2ZXMuY2FcL3dwLWNvbnRlbnRcL3VwbG9hZHNcLzIwMjNcLzExXC9waG90by02Ni1zY2FsZWQuanBnIiwic2xpZGVzaG93IjoiNWZhMDg0MyJ9\" href='http:\/\/rugbybraves.ca\/wp-content\/uploads\/2023\/11\/photo-66-scaled.jpg'><img loading=\"lazy\" width=\"240\" height=\"145\" src=\"http:\/\/rugbybraves.ca\/wp-content\/uploads\/2023\/11\/photo-66-240x145.jpg\" class=\"attachment-homepage-thumb size-homepage-thumb\" alt=\"\u00c9quipe f\u00e9minine pause\" decoding=\"async\" \/><\/a>\n\t\t\t<\/dt><\/dl><br style=\"clear: both\" \/><dl class='gallery-item'>\n\t\t\t<dt class='gallery-icon landscape'>\n\t\t\t\t<a data-elementor-open-lightbox=\"yes\" data-elementor-lightbox-slideshow=\"5fa0843\" data-elementor-lightbox-description=\"photo-67\" data-e-action-hash=\"#elementor-action%3Aaction%3Dlightbox%26settings%3DeyJpZCI6MTQzMCwidXJsIjoiaHR0cDpcL1wvcnVnYnlicmF2ZXMuY2FcL3dwLWNvbnRlbnRcL3VwbG9hZHNcLzIwMjNcLzExXC9waG90by02Ny1zY2FsZWQuanBnIiwic2xpZGVzaG93IjoiNWZhMDg0MyJ9\" href='http:\/\/rugbybraves.ca\/wp-content\/uploads\/2023\/11\/photo-67-scaled.jpg'><img loading=\"lazy\" width=\"240\" height=\"145\" src=\"http:\/\/rugbybraves.ca\/wp-content\/uploads\/2023\/11\/photo-67-240x145.jpg\" class=\"attachment-homepage-thumb size-homepage-thumb\" alt=\"\u00c9quipe f\u00e9minine course-2\" decoding=\"async\" \/><\/a>\n\t\t\t<\/dt><\/dl><dl class='gallery-item'>\n\t\t\t<dt class='gallery-icon landscape'>\n\t\t\t\t<a data-elementor-open-lightbox=\"yes\" data-elementor-lightbox-slideshow=\"5fa0843\" data-elementor-lightbox-description=\"photo-68\" data-e-action-hash=\"#elementor-action%3Aaction%3Dlightbox%26settings%3DeyJpZCI6MTQzMSwidXJsIjoiaHR0cDpcL1wvcnVnYnlicmF2ZXMuY2FcL3dwLWNvbnRlbnRcL3VwbG9hZHNcLzIwMjNcLzExXC9waG90by02OC1zY2FsZWQuanBnIiwic2xpZGVzaG93IjoiNWZhMDg0MyJ9\" href='http:\/\/rugbybraves.ca\/wp-content\/uploads\/2023\/11\/photo-68-scaled.jpg'><img loading=\"lazy\" width=\"240\" height=\"145\" src=\"http:\/\/rugbybraves.ca\/wp-content\/uploads\/2023\/11\/photo-68-240x145.jpg\" class=\"attachment-homepage-thumb size-homepage-thumb\" alt=\"\u00c9quipe f\u00e9minine course-1\" decoding=\"async\" \/><\/a>\n\t\t\t<\/dt><\/dl><dl class='gallery-item'>\n\t\t\t<dt class='gallery-icon landscape'>\n\t\t\t\t<a data-elementor-open-lightbox=\"yes\" data-elementor-lightbox-slideshow=\"5fa0843\" data-elementor-lightbox-description=\"photo-62\" data-e-action-hash=\"#elementor-action%3Aaction%3Dlightbox%26settings%3DeyJpZCI6MTQzMiwidXJsIjoiaHR0cDpcL1wvcnVnYnlicmF2ZXMuY2FcL3dwLWNvbnRlbnRcL3VwbG9hZHNcLzIwMjNcLzExXC9waG90by02Mi1zY2FsZWQuanBnIiwic2xpZGVzaG93IjoiNWZhMDg0MyJ9\" href='http:\/\/rugbybraves.ca\/wp-content\/uploads\/2023\/11\/photo-62-scaled.jpg'><img loading=\"lazy\" width=\"240\" height=\"145\" src=\"http:\/\/rugbybraves.ca\/wp-content\/uploads\/2023\/11\/photo-62-240x145.jpg\" class=\"attachment-homepage-thumb size-homepage-thumb\" alt=\"\u00c9quipe f\u00e9minine lancer-2\" decoding=\"async\" \/><\/a>\n\t\t\t<\/dt><\/dl><dl class='gallery-item'>\n\t\t\t<dt class='gallery-icon landscape'>\n\t\t\t\t<a data-elementor-open-lightbox=\"yes\" data-elementor-lightbox-slideshow=\"5fa0843\" data-elementor-lightbox-description=\"photo-60\" data-e-action-hash=\"#elementor-action%3Aaction%3Dlightbox%26settings%3DeyJpZCI6MTQzMywidXJsIjoiaHR0cDpcL1wvcnVnYnlicmF2ZXMuY2FcL3dwLWNvbnRlbnRcL3VwbG9hZHNcLzIwMjNcLzExXC9waG90by02MC1zY2FsZWQuanBnIiwic2xpZGVzaG93IjoiNWZhMDg0MyJ9\" href='http:\/\/rugbybraves.ca\/wp-content\/uploads\/2023\/11\/photo-60-scaled.jpg'><img loading=\"lazy\" width=\"240\" height=\"145\" src=\"http:\/\/rugbybraves.ca\/wp-content\/uploads\/2023\/11\/photo-60-240x145.jpg\" class=\"attachment-homepage-thumb size-homepage-thumb\" alt=\"\u00c9quipe f\u00e9minine lancer-1\" decoding=\"async\" \/><\/a>\n\t\t\t<\/dt><\/dl><br style=\"clear: both\" \/><dl class='gallery-item'>\n\t\t\t<dt class='gallery-icon landscape'>\n\t\t\t\t<a data-elementor-open-lightbox=\"yes\" data-elementor-lightbox-slideshow=\"5fa0843\" data-elementor-lightbox-description=\"photo-59\" data-e-action-hash=\"#elementor-action%3Aaction%3Dlightbox%26settings%3DeyJpZCI6MTQzNCwidXJsIjoiaHR0cDpcL1wvcnVnYnlicmF2ZXMuY2FcL3dwLWNvbnRlbnRcL3VwbG9hZHNcLzIwMjNcLzExXC9waG90by01OS0xLXNjYWxlZC5qcGciLCJzbGlkZXNob3ciOiI1ZmEwODQzIn0%3D\" href='http:\/\/rugbybraves.ca\/wp-content\/uploads\/2023\/11\/photo-59-1-scaled.jpg'><img loading=\"lazy\" width=\"240\" height=\"145\" src=\"http:\/\/rugbybraves.ca\/wp-content\/uploads\/2023\/11\/photo-59-1-240x145.jpg\" class=\"attachment-homepage-thumb size-homepage-thumb\" alt=\"\u00c9quipe f\u00e9minine m\u00eal\u00e9e-2\" decoding=\"async\" \/><\/a>\n\t\t\t<\/dt><\/dl><dl class='gallery-item'>\n\t\t\t<dt class='gallery-icon landscape'>\n\t\t\t\t<a data-elementor-open-lightbox=\"yes\" data-elementor-lightbox-slideshow=\"5fa0843\" data-elementor-lightbox-description=\"photo-58\" data-e-action-hash=\"#elementor-action%3Aaction%3Dlightbox%26settings%3DeyJpZCI6MTQzNSwidXJsIjoiaHR0cDpcL1wvcnVnYnlicmF2ZXMuY2FcL3dwLWNvbnRlbnRcL3VwbG9hZHNcLzIwMjNcLzExXC9waG90by01OC1zY2FsZWQuanBnIiwic2xpZGVzaG93IjoiNWZhMDg0MyJ9\" href='http:\/\/rugbybraves.ca\/wp-content\/uploads\/2023\/11\/photo-58-scaled.jpg'><img loading=\"lazy\" width=\"240\" height=\"145\" src=\"http:\/\/rugbybraves.ca\/wp-content\/uploads\/2023\/11\/photo-58-240x145.jpg\" class=\"attachment-homepage-thumb size-homepage-thumb\" alt=\"\u00c9quipe f\u00e9minine m\u00eal\u00e9e-1\" decoding=\"async\" \/><\/a>\n\t\t\t<\/dt><\/dl>\n\t\t\t<br style='clear: both' \/>\n\t\t<\/div>\n\t\t<\/div>\n\t\t\t\t<\/div>\n\t\t\t\t<\/div>\n\t\t\t\t<div class=\"elementor-element elementor-element-3d18c50b elementor-widget-divider--view-line elementor-widget elementor-widget-divider\" data-id=\"3d18c50b\" data-element_type=\"widget\" data-widget_type=\"divider.default\">\n\t\t\t\t<div class=\"elementor-widget-container\">\n\t\t\t<style>\/*! elementor - v3.19.0 - 07-02-2024 *\/\n.elementor-widget-divider{--divider-border-style:none;--divider-border-width:1px;--divider-color:#0c0d0e;--divider-icon-size:20px;--divider-element-spacing:10px;--divider-pattern-height:24px;--divider-pattern-size:20px;--divider-pattern-url:none;--divider-pattern-repeat:repeat-x}.elementor-widget-divider .elementor-divider{display:flex}.elementor-widget-divider .elementor-divider__text{font-size:15px;line-height:1;max-width:95%}.elementor-widget-divider .elementor-divider__element{margin:0 var(--divider-element-spacing);flex-shrink:0}.elementor-widget-divider .elementor-icon{font-size:var(--divider-icon-size)}.elementor-widget-divider .elementor-divider-separator{display:flex;margin:0;direction:ltr}.elementor-widget-divider--view-line_icon .elementor-divider-separator,.elementor-widget-divider--view-line_text .elementor-divider-separator{align-items:center}.elementor-widget-divider--view-line_icon .elementor-divider-separator:after,.elementor-widget-divider--view-line_icon .elementor-divider-separator:before,.elementor-widget-divider--view-line_text .elementor-divider-separator:after,.elementor-widget-divider--view-line_text .elementor-divider-separator:before{display:block;content:\"\";border-block-end:0;flex-grow:1;border-block-start:var(--divider-border-width) var(--divider-border-style) var(--divider-color)}.elementor-widget-divider--element-align-left .elementor-divider .elementor-divider-separator>.elementor-divider__svg:first-of-type{flex-grow:0;flex-shrink:100}.elementor-widget-divider--element-align-left .elementor-divider-separator:before{content:none}.elementor-widget-divider--element-align-left .elementor-divider__element{margin-left:0}.elementor-widget-divider--element-align-right .elementor-divider .elementor-divider-separator>.elementor-divider__svg:last-of-type{flex-grow:0;flex-shrink:100}.elementor-widget-divider--element-align-right .elementor-divider-separator:after{content:none}.elementor-widget-divider--element-align-right .elementor-divider__element{margin-right:0}.elementor-widget-divider--element-align-start .elementor-divider .elementor-divider-separator>.elementor-divider__svg:first-of-type{flex-grow:0;flex-shrink:100}.elementor-widget-divider--element-align-start .elementor-divider-separator:before{content:none}.elementor-widget-divider--element-align-start .elementor-divider__element{margin-inline-start:0}.elementor-widget-divider--element-align-end .elementor-divider .elementor-divider-separator>.elementor-divider__svg:last-of-type{flex-grow:0;flex-shrink:100}.elementor-widget-divider--element-align-end .elementor-divider-separator:after{content:none}.elementor-widget-divider--element-align-end .elementor-divider__element{margin-inline-end:0}.elementor-widget-divider:not(.elementor-widget-divider--view-line_text):not(.elementor-widget-divider--view-line_icon) .elementor-divider-separator{border-block-start:var(--divider-border-width) var(--divider-border-style) var(--divider-color)}.elementor-widget-divider--separator-type-pattern{--divider-border-style:none}.elementor-widget-divider--separator-type-pattern.elementor-widget-divider--view-line .elementor-divider-separator,.elementor-widget-divider--separator-type-pattern:not(.elementor-widget-divider--view-line) .elementor-divider-separator:after,.elementor-widget-divider--separator-type-pattern:not(.elementor-widget-divider--view-line) .elementor-divider-separator:before,.elementor-widget-divider--separator-type-pattern:not([class*=elementor-widget-divider--view]) .elementor-divider-separator{width:100%;min-height:var(--divider-pattern-height);-webkit-mask-size:var(--divider-pattern-size) 100%;mask-size:var(--divider-pattern-size) 100%;-webkit-mask-repeat:var(--divider-pattern-repeat);mask-repeat:var(--divider-pattern-repeat);background-color:var(--divider-color);-webkit-mask-image:var(--divider-pattern-url);mask-image:var(--divider-pattern-url)}.elementor-widget-divider--no-spacing{--divider-pattern-size:auto}.elementor-widget-divider--bg-round{--divider-pattern-repeat:round}.rtl .elementor-widget-divider .elementor-divider__text{direction:rtl}.e-con-inner>.elementor-widget-divider,.e-con>.elementor-widget-divider{width:var(--container-widget-width,100%);--flex-grow:var(--container-widget-flex-grow)}<\/style>\t\t<div class=\"elementor-divider\">\n\t\t\t<span class=\"elementor-divider-separator\">\n\t\t\t\t\t\t<\/span>\n\t\t<\/div>\n\t\t\t\t<\/div>\n\t\t\t\t<\/div>\n\t\t\t\t\t<\/div>\n\t\t\t\t<\/div>\n\t\t<div class=\"elementor-element elementor-element-f3a1227 e-flex e-con-boxed e-con e-parent\" data-id=\"f3a1227\" data-element_type=\"container\" data-settings=\"{&quot;content_width&quot;:&quot;boxed&quot;}\" data-core-v316-plus=\"true\">\n\t\t\t\t\t<div class=\"e-con-inner\">\n\t\t\t\t<div class=\"elementor-element elementor-element-a506dad elementor-widget elementor-widget-heading\" data-id=\"a506dad\" data-element_type=\"widget\" data-widget_type=\"heading.default\">\n\t\t\t\t<div class=\"elementor-widget-container\">\n\t\t\t<h2 class=\"elementor-heading-title elementor-size-default\">Vid\u00e9os<\/h2>\t\t<\/div>\n\t\t\t\t<\/div>\n\t\t\t\t\t<\/div>\n\t\t\t\t<\/div>\n\t\t\t\t<\/div>\n\t\t","protected":false},"excerpt":{"rendered":"<p>Album photos Vid\u00e9os<\/p>\n","protected":false},"author":1,"featured_media":0,"parent":32,"menu_order":1,"comment_status":"closed","ping_status":"closed","template":"template-parts\/template-full-width.php","meta":{"footnotes":""},"acf":[],"_links":{"self":[{"href":"http:\/\/rugbybraves.ca\/index.php\/wp-json\/wp\/v2\/pages\/603"}],"collection":[{"href":"http:\/\/rugbybraves.ca\/index.php\/wp-json\/wp\/v2\/pages"}],"about":[{"href":"http:\/\/rugbybraves.ca\/index.php\/wp-json\/wp\/v2\/types\/page"}],"author":[{"embeddable":true,"href":"http:\/\/rugbybraves.ca\/index.php\/wp-json\/wp\/v2\/users\/1"}],"replies":[{"embeddable":true,"href":"http:\/\/rugbybraves.ca\/index.php\/wp-json\/wp\/v2\/comments?post=603"}],"version-history":[{"count":25,"href":"http:\/\/rugbybraves.ca\/index.php\/wp-json\/wp\/v2\/pages\/603\/revisions"}],"predecessor-version":[{"id":1438,"href":"http:\/\/rugbybraves.ca\/index.php\/wp-json\/wp\/v2\/pages\/603\/revisions\/1438"}],"up":[{"embeddable":true,"href":"http:\/\/rugbybraves.ca\/index.php\/wp-json\/wp\/v2\/pages\/32"}],"wp:attachment":[{"href":"http:\/\/rugbybraves.ca\/index.php\/wp-json\/wp\/v2\/media?parent=603"}],"curies":[{"name":"wp","href":"https:\/\/api.w.org\/{rel}","templated":true}]}}